{"id":206,"date":"2015-12-01T09:41:19","date_gmt":"2015-12-01T08:41:19","guid":{"rendered":"https:\/\/parkings-semepa.fr\/?page_id=206"},"modified":"2025-07-31T08:52:05","modified_gmt":"2025-07-31T07:52:05","slug":"parc-rotonde","status":"publish","type":"page","link":"https:\/\/parkings-semepa.fr\/?page_id=206","title":{"rendered":"Parc Rotonde"},"content":{"rendered":"<h4>\u00a0<\/h4>\n<p><a href=\"https:\/\/parkings-semepa.fr\/wp-content\/uploads\/2025\/07\/PkRotonde.jpg\" target=\"_blank\" rel=\"noopener\"><img loading=\"lazy\" decoding=\"async\" class=\"alignnone  wp-image-2917\" src=\"https:\/\/parkings-semepa.fr\/wp-content\/uploads\/2025\/07\/PkRotonde-300x211.jpg\" alt=\"\" width=\"343\" height=\"241\" srcset=\"https:\/\/parkings-semepa.fr\/wp-content\/uploads\/2025\/07\/PkRotonde-300x211.jpg 300w, https:\/\/parkings-semepa.fr\/wp-content\/uploads\/2025\/07\/PkRotonde-1024x719.jpg 1024w, https:\/\/parkings-semepa.fr\/wp-content\/uploads\/2025\/07\/PkRotonde-768x539.jpg 768w, https:\/\/parkings-semepa.fr\/wp-content\/uploads\/2025\/07\/PkRotonde-214x150.jpg 214w, https:\/\/parkings-semepa.fr\/wp-content\/uploads\/2025\/07\/PkRotonde-150x105.jpg 150w, https:\/\/parkings-semepa.fr\/wp-content\/uploads\/2025\/07\/PkRotonde.jpg 1157w\" sizes=\"auto, (max-width: 343px) 100vw, 343px\" \/><\/a><a href=\"https:\/\/parkings-semepa.fr\/wp-content\/uploads\/2025\/07\/PkRotonde2.jpg\" target=\"_blank\" rel=\"noopener\"><img loading=\"lazy\" decoding=\"async\" class=\"alignnone  wp-image-2918\" src=\"https:\/\/parkings-semepa.fr\/wp-content\/uploads\/2025\/07\/PkRotonde2-300x204.jpg\" alt=\"\" width=\"357\" height=\"243\" srcset=\"https:\/\/parkings-semepa.fr\/wp-content\/uploads\/2025\/07\/PkRotonde2-300x204.jpg 300w, https:\/\/parkings-semepa.fr\/wp-content\/uploads\/2025\/07\/PkRotonde2-768x523.jpg 768w, https:\/\/parkings-semepa.fr\/wp-content\/uploads\/2025\/07\/PkRotonde2-220x150.jpg 220w, https:\/\/parkings-semepa.fr\/wp-content\/uploads\/2025\/07\/PkRotonde2-150x102.jpg 150w, https:\/\/parkings-semepa.fr\/wp-content\/uploads\/2025\/07\/PkRotonde2.jpg 776w\" sizes=\"auto, (max-width: 357px) 100vw, 357px\" \/><\/a><\/p>\n<h4>Capacit\u00e9<\/h4>\n<p>1800 places<\/p>\n<p>Hauteur : de 2 \u00e0 3 m, stationnement au niveau -1<br \/>L\u2019acc\u00e8s pour les v\u00e9hicules de 3 m doit se faire <span style=\"font-size: revert; color: initial;\">par l<\/span>a rue Lapierre ou l\u2019avenue des Belges.<br \/>Stationnement au-del\u00e0 de 3 m interdit<\/p>\n<h4>O\u00f9 se trouve-t-il ?<\/h4>\n<p data-noota-id=\"noota-3c23f4af-2ee3-4cb5-983e-b83cff34bc06\">2 rue Lapierre, 13100 Aix-en-Provence<br \/><strong>Latitude<\/strong> : 43.5264049 | <strong>Longitude<\/strong> : 5.443679299999985<button class=\"noota-phone-button\" style=\"width: 24px; height: 24px;\" tabindex=\"-1\" data-state=\"closed\"><\/button><button class=\"noota-phone-button\" style=\"width: 24px; height: 24px;\" tabindex=\"-1\" data-state=\"closed\"><\/button><\/p>\n<h4>Le saviez- vous ?<\/h4>\n<p>Pour vos courses rapides, les deux premiers quarts d\u2019heure sont gratuits !<br \/>Le parking Rotonde a \u00e9t\u00e9 con\u00e7u par l\u2019architecte Fran\u00e7ois Guy qui a pens\u00e9 sa d\u00e9coration et ses vitraux autour de l\u2019\u0153uvre de Paul C\u00e9zanne.<br \/>Les murs du parking Rotonde accueillent \u00e9galement de nombreux panneaux invitant \u00e0 la d\u00e9couverte de grands monuments aixois.<\/p>\n<h4>Comment y acc\u00e9der ?<\/h4>\n<p>Plusieurs entr\u00e9es : par l\u2019avenue Max Juvenal puis la rue lapierre, par l\u2019avenue des Belges et par l\u2019avenue de la R\u00e9publique puis a rue Villevieille.<br \/>Deux sorties : rue Lapierre et rue Villevieille<\/p>\n<h4>Pour qui ?<\/h4>\n<p>Le parking Rotonde est le grand parc de stationnement de tout le centre ville d\u2019une capacit\u00e9 de 1800 places. Il est ouvert depuis mai 2007.<\/p>\n<h4>Contacts<\/h4>\n<p data-noota-id=\"noota-36c8aa22-bb7c-4cc7-bd38-7a3635df4942\">T\u00e9l\u00e9phone parking : 04 42\u00a059 23 22<br \/>Ou aux bureaux de la SEMEPA : 04 42 16 04 04<button class=\"noota-phone-button\" style=\"width: 24px; height: 24px;\" tabindex=\"-1\" data-state=\"closed\"><\/button><button class=\"noota-phone-button\" style=\"width: 24px; height: 24px;\" tabindex=\"-1\" data-state=\"closed\"><\/button><\/p>\n<p><strong>&gt;&gt;\u00a0<a href=\"https:\/\/parkings-semepa.fr\/?page_id=373\">R\u00e8glement int\u00e9rieur<\/a><\/strong><\/p>\n<table style=\"width: 100%; height: 628px;\">\n<tbody>\n<tr style=\"height: 23px;\">\n<th style=\"height: 23px;\" colspan=\"2\">Equipements et services<\/th>\n<th style=\"height: 23px;\" colspan=\"2\">Modes de paiement<\/th>\n<\/tr>\n<tr style=\"height: 55px;\">\n<td style=\"height: 55px;\" width=\"60\"><img loading=\"lazy\" decoding=\"async\" class=\"alignnone wp-image-328 size-full\" src=\"https:\/\/parkings-semepa.fr\/wp-content\/uploads\/2015\/11\/parkingCouvert.jpg\" alt=\"\" width=\"50\" height=\"50\" \/><\/td>\n<td style=\"vertical-align: middle; height: 55px;\">Parking Couvert<\/td>\n<td style=\"height: 55px;\" width=\"60\"><img loading=\"lazy\" decoding=\"async\" class=\"alignnone wp-image-312 size-full\" src=\"https:\/\/parkings-semepa.fr\/wp-content\/uploads\/2015\/12\/Visa.jpg\" alt=\"\" width=\"50\" height=\"50\" \/><\/td>\n<td style=\"vertical-align: middle; height: 55px;\">Visa<\/td>\n<\/tr>\n<tr style=\"height: 55px;\">\n<td style=\"height: 55px;\" width=\"60\"><img loading=\"lazy\" decoding=\"async\" class=\"alignnone wp-image-330 size-full\" src=\"https:\/\/parkings-semepa.fr\/wp-content\/uploads\/2015\/11\/bornes.jpg\" alt=\"\" width=\"50\" height=\"50\" \/><\/td>\n<td style=\"vertical-align: middle; height: 55px;\">Paiement CB aux bornes de sortie<\/td>\n<td style=\"height: 55px;\" width=\"60\"><img loading=\"lazy\" decoding=\"async\" class=\"alignnone wp-image-317 size-full\" src=\"https:\/\/parkings-semepa.fr\/wp-content\/uploads\/2015\/11\/cb.jpg\" alt=\"\" width=\"50\" height=\"50\" \/><\/td>\n<td style=\"vertical-align: middle; height: 55px;\">CB<\/td>\n<\/tr>\n<tr style=\"height: 55px;\">\n<td style=\"height: 55px;\" width=\"60\"><img loading=\"lazy\" decoding=\"async\" class=\"alignnone wp-image-332 size-full\" src=\"https:\/\/parkings-semepa.fr\/wp-content\/uploads\/2015\/11\/ascenseur.jpg\" alt=\"\" width=\"50\" height=\"50\" \/><\/td>\n<td style=\"vertical-align: middle; height: 55px;\">Ascenseurs<\/td>\n<td style=\"height: 55px;\" width=\"60\"><img loading=\"lazy\" decoding=\"async\" class=\"alignnone wp-image-315 size-full\" src=\"https:\/\/parkings-semepa.fr\/wp-content\/uploads\/2015\/11\/mastercard.jpg\" alt=\"\" width=\"50\" height=\"50\" \/><\/td>\n<td style=\"vertical-align: middle; height: 55px;\">Mastercard<\/td>\n<\/tr>\n<tr style=\"height: 55px;\">\n<td style=\"height: 55px;\" width=\"60\"><img loading=\"lazy\" decoding=\"async\" class=\"alignnone size-full wp-image-337\" src=\"https:\/\/parkings-semepa.fr\/wp-content\/uploads\/2015\/12\/musique.jpg\" alt=\"musique\" width=\"50\" height=\"50\" \/><\/td>\n<td style=\"vertical-align: middle; height: 55px;\">Musique<\/td>\n<td style=\"height: 55px;\" width=\"60\"><img loading=\"lazy\" decoding=\"async\" class=\"alignnone wp-image-319 size-full\" src=\"https:\/\/parkings-semepa.fr\/wp-content\/uploads\/2015\/11\/sansContact.jpg\" alt=\"\" width=\"50\" height=\"50\" \/><\/td>\n<td style=\"vertical-align: middle; height: 55px;\">CB Sans contact<\/td>\n<\/tr>\n<tr style=\"height: 55px;\">\n<td style=\"height: 55px;\" width=\"60\"><img loading=\"lazy\" decoding=\"async\" class=\"alignnone wp-image-339 size-full\" src=\"https:\/\/parkings-semepa.fr\/wp-content\/uploads\/2015\/11\/motos.jpg\" alt=\"\" width=\"50\" height=\"50\" \/><\/td>\n<td style=\"vertical-align: middle; height: 55px;\">Moto<\/td>\n<td style=\"height: 55px;\" width=\"60\"><a href=\"http:\/\/mobility.totalenergies.com\/fr\"><img loading=\"lazy\" decoding=\"async\" class=\"alignnone wp-image-322 size-full\" src=\"https:\/\/parkings-semepa.fr\/wp-content\/uploads\/2015\/11\/totalGr.jpg\" alt=\"\" width=\"50\" height=\"50\" \/><\/a><\/td>\n<td style=\"vertical-align: middle; height: 55px;\">Total GR<\/td>\n<\/tr>\n<tr style=\"height: 55px;\">\n<td style=\"height: 55px;\" width=\"60\"><img loading=\"lazy\" decoding=\"async\" class=\"alignnone wp-image-341 size-full\" src=\"https:\/\/parkings-semepa.fr\/wp-content\/uploads\/2015\/11\/24-24.jpg\" alt=\"\" width=\"50\" height=\"50\" \/><\/td>\n<td style=\"vertical-align: middle; height: 55px;\">Sortie 24\/24h<\/td>\n<td style=\"height: 55px;\" width=\"60\"><img loading=\"lazy\" decoding=\"async\" class=\"alignnone wp-image-324 size-full\" src=\"https:\/\/parkings-semepa.fr\/wp-content\/uploads\/2015\/11\/monnaie.jpg\" alt=\"\" width=\"50\" height=\"50\" \/><\/td>\n<td style=\"vertical-align: middle; height: 55px;\">Esp\u00e8ces<\/td>\n<\/tr>\n<tr style=\"height: 55px;\">\n<td style=\"height: 55px;\" width=\"60\"><img loading=\"lazy\" decoding=\"async\" class=\"alignnone wp-image-343 size-full\" src=\"https:\/\/parkings-semepa.fr\/wp-content\/uploads\/2015\/11\/personnel.jpg\" alt=\"\" width=\"50\" height=\"50\" \/><\/td>\n<td style=\"vertical-align: middle; height: 55px;\">Personnel pr\u00e9sent 24\/24h<\/td>\n<td style=\"height: 55px;\" width=\"60\">\u00a0<img loading=\"lazy\" decoding=\"async\" title=\"\" src=\"https:\/\/parkings-semepa.fr\/wp-content\/uploads\/2015\/11\/liber-t.jpg\" alt=\"\" width=\"50\" height=\"50\" \/><\/td>\n<td style=\"vertical-align: middle; height: 55px;\">\u00a0Liber-t<\/td>\n<\/tr>\n<tr style=\"height: 55px;\">\n<td style=\"height: 55px;\" width=\"60\"><img loading=\"lazy\" decoding=\"async\" class=\"alignnone wp-image-345 size-full\" src=\"https:\/\/parkings-semepa.fr\/wp-content\/uploads\/2015\/11\/guidage.jpg\" alt=\"\" width=\"50\" height=\"50\" \/><\/td>\n<td style=\"vertical-align: middle; height: 55px;\">Guidage \u00e0 la place<\/td>\n<td style=\"height: 55px;\" width=\"60\">\u00a0<\/td>\n<td style=\"vertical-align: middle; height: 55px;\">\u00a0<\/td>\n<\/tr>\n<tr style=\"height: 55px;\">\n<td style=\"height: 55px;\" width=\"60\"><img loading=\"lazy\" decoding=\"async\" class=\"alignnone wp-image-347 size-full\" src=\"https:\/\/parkings-semepa.fr\/wp-content\/uploads\/2015\/11\/voitureElectrique.jpg\" alt=\"\" width=\"50\" height=\"50\" \/><\/td>\n<td style=\"vertical-align: middle; height: 55px;\">Recharge v\u00e9hicules \u00e9lectrique<\/td>\n<td style=\"height: 55px;\" width=\"60\">\u00a0<\/td>\n<td style=\"vertical-align: middle; height: 55px;\">\u00a0<\/td>\n<\/tr>\n<tr style=\"height: 55px;\">\n<td style=\"height: 55px;\" width=\"60\"><img loading=\"lazy\" decoding=\"async\" class=\"alignnone wp-image-349 size-full\" src=\"https:\/\/parkings-semepa.fr\/wp-content\/uploads\/2015\/11\/handicap.jpg\" alt=\"\" width=\"50\" height=\"50\" \/><\/td>\n<td style=\"vertical-align: middle; height: 55px;\">Acc\u00e8s aux personnes \u00e0 mobilit\u00e9 r\u00e9duites<\/td>\n<td style=\"height: 55px;\" width=\"60\">\u00a0<\/td>\n<td style=\"vertical-align: middle; height: 55px;\">\u00a0<\/td>\n<\/tr>\n<tr style=\"height: 55px;\">\n<td style=\"height: 55px;\" width=\"60\"><a href=\"https:\/\/parkings-semepa.fr\/wp-content\/uploads\/2017\/01\/LPR.jpg\"><img loading=\"lazy\" decoding=\"async\" class=\"alignnone size-full wp-image-520\" src=\"https:\/\/parkings-semepa.fr\/wp-content\/uploads\/2017\/01\/LPR.jpg\" alt=\"\" width=\"50\" height=\"50\" \/><\/a><\/td>\n<td style=\"vertical-align: middle; height: 55px;\">Lecture de plaque<\/td>\n<td style=\"height: 55px;\" width=\"60\">\u00a0<\/td>\n<td style=\"vertical-align: middle; height: 55px;\">\u00a0<\/td>\n<\/tr>\n<\/tbody>\n<\/table>\n\n\n<p><a href=\"https:\/\/parkings-semepa.fr\/wp-content\/uploads\/2025\/02\/Plan_Rotonde-Personnalise-scaled.jpg\" target=\"_blank\" rel=\"noopener\"><img loading=\"lazy\" decoding=\"async\" class=\"alignnone wp-image-2899 size-full\" src=\"https:\/\/parkings-semepa.fr\/wp-content\/uploads\/2025\/02\/Plan_Rotonde-Grand.jpg\" alt=\"\" width=\"1080\" height=\"1589\" srcset=\"https:\/\/parkings-semepa.fr\/wp-content\/uploads\/2025\/02\/Plan_Rotonde-Grand.jpg 1080w, https:\/\/parkings-semepa.fr\/wp-content\/uploads\/2025\/02\/Plan_Rotonde-Grand-204x300.jpg 204w, https:\/\/parkings-semepa.fr\/wp-content\/uploads\/2025\/02\/Plan_Rotonde-Grand-696x1024.jpg 696w, https:\/\/parkings-semepa.fr\/wp-content\/uploads\/2025\/02\/Plan_Rotonde-Grand-768x1130.jpg 768w, https:\/\/parkings-semepa.fr\/wp-content\/uploads\/2025\/02\/Plan_Rotonde-Grand-1044x1536.jpg 1044w, https:\/\/parkings-semepa.fr\/wp-content\/uploads\/2025\/02\/Plan_Rotonde-Grand-102x150.jpg 102w\" sizes=\"auto, (max-width: 1080px) 100vw, 1080px\" \/><\/a><\/p>\n","protected":false},"excerpt":{"rendered":"<p>\u00a0 Capacit\u00e9 1800 places Hauteur : de 2 \u00e0 3 m, stationnement au niveau -1L\u2019acc\u00e8s pour les v\u00e9hicules de 3 m doit se faire par la rue Lapierre ou l\u2019avenue des Belges.Stationnement au-del\u00e0 de 3 m interdit O\u00f9 se trouve-t-il ? 2 rue Lapierre, 13100 Aix-en-ProvenceLatitude : 43.5264049 | Longitude \u2026<\/p>\n","protected":false},"author":1,"featured_media":0,"parent":0,"menu_order":0,"comment_status":"closed","ping_status":"closed","template":"templates\/template-twocolumns-left.php","meta":{"footnotes":""},"class_list":["post-206","page","type-page","status-publish","hentry"],"_links":{"self":[{"href":"https:\/\/parkings-semepa.fr\/index.php?rest_route=\/wp\/v2\/pages\/206","targetHints":{"allow":["GET"]}}],"collection":[{"href":"https:\/\/parkings-semepa.fr\/index.php?rest_route=\/wp\/v2\/pages"}],"about":[{"href":"https:\/\/parkings-semepa.fr\/index.php?rest_route=\/wp\/v2\/types\/page"}],"author":[{"embeddable":true,"href":"https:\/\/parkings-semepa.fr\/index.php?rest_route=\/wp\/v2\/users\/1"}],"replies":[{"embeddable":true,"href":"https:\/\/parkings-semepa.fr\/index.php?rest_route=%2Fwp%2Fv2%2Fcomments&post=206"}],"version-history":[{"count":28,"href":"https:\/\/parkings-semepa.fr\/index.php?rest_route=\/wp\/v2\/pages\/206\/revisions"}],"predecessor-version":[{"id":2920,"href":"https:\/\/parkings-semepa.fr\/index.php?rest_route=\/wp\/v2\/pages\/206\/revisions\/2920"}],"wp:attachment":[{"href":"https:\/\/parkings-semepa.fr\/index.php?rest_route=%2Fwp%2Fv2%2Fmedia&parent=206"}],"curies":[{"name":"wp","href":"https:\/\/api.w.org\/{rel}","templated":true}]}}